is the tens digit of r?
4
Let h be 5804/36 - 8/36. Let y be ((-138)/h)/(1 + 9/(-7)). Suppose 54 = r - 2*n, y*r - 194 = -2*n - 0*n. What is the tens digit of r?
6
Let i be ((-4)/(-5))/((-128)/(-320)). Suppose 5*d - 3221 = i*l, 2*l = d + 4*l - 649. What is the tens digit of d?
4
Suppose -8 = -s, 300*s - 296*s - 15708 = -2*i. What is the tens digit of i?
3
Suppose -5*j = -6*j - 6*j + 36379. What is the thousands digit of j?
5
Let x = 276 - 278. What is the tens digit of 47101/67 - (4/x)/2?
0
Let f(c) = -c**2. Let l(m) = -5*m + 362. Let j(x) = f(x) + l(x). What is the tens digit of j(0)?
6
Let i(z) = 13*z + 5. Let f be i(4). Suppose -15 = -v + 3*o, -3*v = 3*o + 2*o - 87. What is the tens digit of -3 - (f - 0)*v/(-36)?
3
Suppose -1402 = -o + 11077. What is the hundreds digit of o?
4
Let y(v) be the third derivative of -v**5/60 + 3*v**4/4 + 82*v**3 - 205*v**2. What is the units digit of y(0)?
2
Suppose 7*r = -3*r + 2820. What is the tens digit of (-2)/(-13) - r/(-26)?
1
What is the units digit of (-16)/(-28) - (-6420)/84?
7
Suppose -90*r = -46*r - 23*r - 252693. What is the tens digit of r?
3
Let o(l) = -28 + 21*l - 39*l + 22*l. Let r be o(8). Suppose -r*u + 490 = -2*c, u + 3*c = -u + 225. What is the hundreds digit of u?
1
Suppose m = -6*f + 3*f + 12, 4*f - 6 = 2*m. What is the tens digit of ((-9)/m)/((-2)/22)?
3
What is the thousands digit of 96/64 + 55990/4?
3
Suppose -6*q + 15 = -3*q. Let w(k) = -12*k**2 + 6*k - 2. Let f be w(q). Let p = f - -401. What is the tens digit of p?
2
Let j be (-7)/(-9) - 2/(-9) - -1. Suppose 0*h = -j*h + 200. What is the units digit of h?
0
Let a = -2699 - -2482. Suppose -r + 3*l - 131 = 0, -r - r + 5*l - 267 = 0. Let v = r - a. What is the tens digit of v?
7
Let r(z) = -z**3 - 7*z**2 + 5*z + 1. Let s be r(-8). Suppose -3*u = 2*u - s. Suppose -u*j + 0*j + 195 = 0. What is the units digit of j?
9
What is the units digit of (-7)/1 - (-50017)/33*(-27)/(-3)?
4
What is the hundreds digit of 43 - 21 - 39 - -14599?
5
Let h = 14671 - 9034. What is the tens digit of h?
3
Let s(d) = 4*d**2 - 32*d + 20589. What is the thousands digit of s(0)?
0
Let f(q) = 3*q - 8. Let h be f(20). What is the units digit of (1/5)/(h/166660)?
1
Suppose -g + 0*a = -4*a + 18, g - 18 = -5*a. Let v be g*(63/2 + -1). Let n = v - -134. What is the tens digit of n?
7
Let p = -15 + -12. Let v = p + 32. What is the tens digit of v/(15/342)*4/6?
7
Let s = -2172 + 18274. What is the ten thousands digit of s?
1
Let z = 6088 - 5030. What is the hundreds digit of z?
0
Suppose -u = -5204 - 2315. Suppose u = 3*g + 2452. What is the thousands digit of g?
1
What is the hundreds digit of (-79)/(-237) - (-3 + 120426/(-9))?
3
Suppose 0 = -4*d - d - k - 413, d + 4*k = -94. Let o = d - -143. Suppose -356 = -4*t - 3*f - o, 75 = t + 2*f. What is the tens digit of t?
7
Suppose -5*x + 3*r = -197054, 4*x - 157639 = 17*r - 16*r. What is the ten thousands digit of x?
3
Let y = 53515 + -29905. What is the thousands digit of y?
3
Suppose 21 = -4*i + 169. Suppose 8*b - i = 51. Suppose -140 = -b*v + 9*v. What is the tens digit of v?
7
Let t be (-2 - -17)*201/9. Suppose 5*y + 93 - 103 = 0. Suppose -2*s = 4*k - 7*s - t, -5*k = -y*s - 406. What is the units digit of k?
0
Suppose -73965 = -5*b + 4*i, 2*i - 40678 = -2*b - 11110. What is the hundreds digit of b?
7
Suppose -o - 18 = -2*h, h + 2*o - 2 + 3 = 0. Suppose -h*i = -3*i. Suppose i = 30*d - 32*d + 232. What is the units digit of d?
6
Suppose 3*t - 4582 = -5*x, 2*t - 1528 = t - x. Suppose 9*y = 8*y + t. What is the tens digit of y?
2
Suppose b + 2*k = 39626, -2*k + 33767 - 192251 = -4*b. What is the thousands digit of b?
9
Suppose -5*q + 1590 = -5*k, 3*k = -2*q + 8*k + 636. Let i = 323 + q. What is the tens digit of i?
4
Let y be ((-112)/24 + 5)/((-1)/9). Let m be 2*(2 + y) - -4. What is the tens digit of m/4*-2 + 2483/13?
9
Let c be 85*-8*(-4)/32. Suppose 91*l - 1692 = c*l. What is the units digit of l?
2
What is the thousands digit of ((-156)/117)/(16/(-202380))?
6
Let d(m) = m**3 - 86*m**2 - 324*m + 202. What is the ten thousands digit of d(91)?
1
Let z(w) = 3*w**3 + 39*w - 4*w**3 - 37 + 31*w**2 + 75. What is the hundreds digit of z(32)?
2
Let a = 2755 + 10358. What is the ten thousands digit of a?
1
Suppose -3*o + 59*q = 55*q - 270734, -2*o + 180488 = -4*q. What is the units digit of o?
6
Let y(f) = f**2 - 15*f + 53. Let k be y(5). Suppose 3*p + 1143 = k*i, 3*i - 354 = 4*p + 794. What is the tens digit of i?
7
What is the hundreds digit of (-319578)/(-102) - (-4)/(-34)?
1
Let r(j) = 102*j**2 - 512*j + 90. What is the hundreds digit of r(-23)?
8
Suppose 589626 = 14*i + 10*i + 3*i. What is the thousands digit of i?
1
Let l = 218 - -175. Suppose -1209 - l = -9*g. What is the units digit of g?
8
Let d(a) = -10*a + 381. Suppose 0 = -7*i + 8*i - 2, 0 = m + 5*i - 10. What is the hundreds digit of d(m)?
3
Suppose -5*a - 2*x = -10*a + 413669, 0 = -a + x + 82729. What is the units digit of a?
7
Let t(v) = -v**3 + 3*v**2 + 3*v - 4. Let i be t(3). Let r be (-6 - (-320)/45)*9. Suppose r*g - 5*g - i*l = 235, 2*l = -3*g + 161. What is the units digit of g?
1
What is the tens digit of 10508 - (-20 + 34)/2?
0
Let o = -1177 + 776. Let g = 683 + o. Suppose -12*k = -g - 834. What is the units digit of k?
3
Suppose -242 + 144 = -7*x. What is the tens digit of ((-24)/x)/((-14)/245)?
3
Let s = 11160 - 355. What is the hundreds digit of s?
8
Suppose 4*c - 54 = -3*x - 58, 0 = -5*c - 5*x - 10. Suppose -c*u = 5*p - 1493, 5*u + 1181 + 319 = 5*p. What is the units digit of p?
9
Let i(u) = 105*u**2 - 9*u + 105. Let w be i(25). Suppose -67*q = -12*q - w. What is the tens digit of q?
9
Let i(v) = 8*v**2 + 58*v + 18. Let w be i(-7). Suppose -2248 = -w*k + 4*f, -5*f = -14 - 6. What is the tens digit of k?
6
Suppose v = -5*g - 8 - 333, 0 = v + 4*g + 338. Let p = 162 - v. What is the tens digit of p?
8
Let w = 5878 - 3526. What is the tens digit of w?
5
Suppose 2*y = a, -a - 3*a = 4*y - 60. What is the tens digit of ((-817)/57)/(a/6 + -2)?
4
Let q(y) = 3*y**2 - 2*y + 0 - y**2 - 94*y**3 - 6. Let t be q(-2). Suppose 1000 = 4*z + l, 4*l = -4*z + t + 242. What is the units digit of z?
0
Let q = -4589 - -8608. What is the units digit of q?
9
Let r be 3*(10326/18 + 2). Suppose 3*w - 1034 = 4*l, 0 = -5*w - 3*l + 6*l + r. What is the units digit of w?
6
Suppose -4*p + 2*p + 11902 = i, 23788 = 2*i - 4*p. What is the ten thousands digit of i?
1
Let m = -39172 + 62194. What is the thousands digit of m?
3
What is the tens digit of (3 + -1 - 7)*(-52052)/385?
7
Let i(y) = 21*y**3 + 55*y**2 + 5*y - 93. What is the units digit of i(13)?
4
Suppose -3*o = 2*g - 289, -g + 4*o + 55 + 73 = 0. Let t = -59 + g. What is the units digit of t?
1
Let q = 846 + -396. Suppose q = m + 3*a, 206 = 4*m + 3*a - 1621. What is the hundreds digit of m?
4
Suppose 0 = -3*o - 0 + 9, o = -2*p + 3. Suppose -3*w + 4*v = -1115, -v + 766 = 2*w + 2*v. Suppose -4*q + 71 + w = p. What is the units digit of q?
2
What is the hundreds digit of (23 - (-391)/(-4))*-268?
0
Let k be (38/8)/(5/20). Let l = -13 + k. Suppose 4*m + 832 = 4*f, 3*f = l*f - 4*m - 626. What is the tens digit of f?
0
What is the thousands digit of (2 - 8 - -8) + (6/3 - -24378)?
4
Let n(o) = -o + 184. Let u be n(0). Let c = u + 91. What is the units digit of c?
5
Let d(t) = -359*t**2 - 26*t + 21. Let m(j) = -2*j**2 - j. Let l(h) = -d(h) + 5*m(h). What is the tens digit of l(1)?
4
Let h(o) = 30*o**2 - 22*o + 4. Let t be h(2). What is the tens digit of t/12*(-2652)/(-65)?
7
What is the thousands digit of 5987 + 364/(-35) + 2/5?
5
Let j be (5/(-15) + -1)*3. Let o(n) = 5*n**2 + 7*n + 16. Let v be o(j). Let m = -57 + v. What is the units digit of m?
1
Suppose -1273*m + 768291 = -1202*m. What is the hundreds digit of m?
8
Let u(s) = -19*s + 20. Let q(i) = 5*i - 36. Suppose 3*v - 4 - 13 = -p, -3*v = -4*p - 22. Let j be q(v). What is the tens digit of u(j)?
3
Let y = -15 - -34. Suppose -5*f = -y + 49. Let l(n) = -4*n - 11. What is the tens digit of l(f)?
1
Let i = 229 + -330. Let w = -11 - i. What is the units digit of w?
0
Suppose -5*q - 1684 = 4936. Let o = 2498 + q. What is the units digit of o?
4
Suppose 78*i = 77*i - 9. What is the tens digit of ((-5416)/18)/2*i?
5
Let t(v) = 5*v**2 + 2*v - 10. Suppose c - 48 = -5*y, -3*c = -7*c - 5*y + 132